tors of 979595745?
3, 5, 3371, 19373
List the prime factors of 341358315.
3, 5, 22757221
List the prime factors of 3414152781.
3, 13, 53, 183527
What are the prime factors of 3211433068?
2, 389, 2063903
List the prime factors of 226669592.
2, 313, 90523
List the prime factors of 150976839.
3, 13, 3871201
What are the prime factors of 102561525?
3, 5, 11, 19, 727
What are the prime factors of 229607916?
2, 3, 17, 1125529
List the prime factors of 1224383510.
2, 5, 7, 17491193
What are the prime factors of 630953730?
2, 3, 5, 11, 637327
List the prime factors of 87261756.
2, 3, 19, 382727
What are the prime factors of 1031044731?
3, 14737, 23321
What are the prime factors of 2179969923?
3, 23, 31593767
List the prime factors of 30945460.
2, 5, 7, 13, 347
List the prime factors of 774931212.
2, 3, 11, 103, 2111
List the prime factors of 4610714558.
2, 2305357279
What are the prime factors of 982271722?
2, 491135861
What are the prime factors of 42481365?
3, 5, 37, 76543
What are the prime factors of 288018319?
288018319
What are the prime factors of 116724631?
3947, 29573
List the prime factors of 62345427.
3, 577, 36017
What are the prime factors of 2511249?
3, 13, 19, 3389
List the prime factors of 1149002528.
2, 17, 127, 16631
List the prime factors of 129295657.
83, 269, 5791
What are the prime factors of 101211818?
2, 1291, 39199
List the prime factors of 31874745.
3, 5, 7, 17, 2551
List the prime factors of 61347798.
2, 3, 17, 200483
What are the prime factors of 179554710?
2, 3, 5, 37, 161761
List the prime factors of 59893311.
3, 23, 868019
List the prime factors of 54465569.
17, 3203857
What are the prime factors of 12807853?
937, 13669
List the prime factors of 599111928.
2, 3, 29, 83, 3457
What are the prime factors of 811170579?
3, 349, 774757
List the prime factors of 1031092260.
2, 3, 5, 11, 59, 26479
List the prime factors of 2620907643.
3, 873635881
List the prime factors of 73842171.
3, 13, 151, 12539
What are the prime factors of 56944684?
2, 53, 268607
List the prime factors of 2569112201.
2569112201
What are the prime factors of 12178242?
2, 3, 225523
What are the prime factors of 1121008743?
3, 1181, 105467
What are the prime factors of 20494005?
3, 5, 7, 27883
What are the prime factors of 70999963?
2909, 24407
List the prime factors of 12387755.
5, 31, 229, 349
List the prime factors of 86120939.
19, 89, 50929
What are the prime factors of 567284928?
2, 3, 7, 422087
List the prime factors of 4709969354.
2, 2354984677
List the prime factors of 125468844.
2, 3, 1787, 5851
List the prime factors of 68858814.
2, 3, 2063, 5563
What are the prime factors of 1548983692?
2, 7649, 50627
List the prime factors of 1006121427.
3, 37, 41, 221077
What are the prime factors of 673241297?
673241297
What are the prime factors of 1479161248?
2, 19, 617, 3943
What are the prime factors of 71864734?
2, 331, 108557
What are the prime factors of 922972108?
2, 230743027
List the prime factors of 788301624.
2, 3, 11, 2985991
List the prime factors of 891897574.
2, 445948787
List the prime factors of 540978903.
3, 60108767
List the prime factors of 81413729.
47, 89, 19463
What are the prime factors of 747618256?
2, 7, 11, 606833
What are the prime factors of 1187832722?
2, 59, 113, 89083
List the prime factors of 955696480.
2, 5, 17, 351359
What are the prime factors of 745428804?
2, 3, 23, 2700829
List the prime factors of 57009283.
409, 139387
What are the prime factors of 8513125308?
2, 3, 1999, 118297
What are the prime factors of 51867854?
2, 25933927
What are the prime factors of 42910216?
2, 43, 124739
What are the prime factors of 22279940?
2, 5, 1113997
List the prime factors of 198104743.
41, 4831823
List the prime factors of 458065750.
2, 5, 53, 181, 191
List the prime factors of 487565797.
17, 28680341
What are the prime factors of 1317982066?
2, 83, 277, 28663
What are the prime factors of 4345107473?
7, 19, 43, 17669
What are the prime factors of 206169124?
2, 7, 7363183
What are the prime factors of 54885931?
43, 67, 19051
What are the prime factors of 310157819?
1549, 200231
What are the prime factors of 1068491552?
2, 33390361
List the prime factors of 223550993.
599, 373207
List the prime factors of 89632095.
3, 5, 7, 193, 4423
List the prime factors of 23052701.
7, 41, 47, 1709
List the prime factors of 1737393689.
53, 503, 65171
List the prime factors of 65929097.
13, 390113
List the prime factors of 153362301.
3, 31, 421, 3917
List the prime factors of 43614855.
3, 5, 35897
List the prime factors of 106917847.
106917847
List the prime factors of 3718663543.
7, 531237649
List the prime factors of 705003311.
17, 29, 1430027
What are the prime factors of 1823564278?
2, 131, 6960169
List the prime factors of 634682793.
3, 37, 5717863
List the prime factors of 642219640.
2, 5, 131, 122561
List the prime factors of 5254453768.
2, 37, 3191, 5563
List the prime factors of 4912117.
7, 701731
List the prime factors of 74821284.
2, 3, 17, 179, 683
What are the prime factors of 611483308?
2, 19, 31, 461, 563
List the prime factors of 3114958833.
3, 7, 31, 1594961
List the prime factors of 509739281.
149, 3421069
What are the prime factors of 1175198980?
2, 5, 577, 101837
What are the prime factors of 45507148?
2, 29, 127, 3089
List the prime factors of 6182992.
2, 386437
List the prime factors of 273194995.
5, 1277, 42787
List the prime factors of 199730765.
5, 13, 53, 57977
List the prime factors of 3357128513.
44171, 76003
What are the prime factors of 843273581?
353, 2388877
List the prime factors of 4288544003.
4288544003
List the prime factors of 292798683.
3, 19, 1009, 1697
List the prime factors of 45533629.
23, 1979723
List the prime factors of 2026661.
7, 13, 22271
What are the prime factors of 1508850573?
3, 1931, 260461
What are the prime factors of 224397588?
2, 3, 157, 119107
List the prime factors of 31376090.
2, 5, 3137609
What are the prime factors of 457466040?
2, 3, 5, 19, 47, 1423
What are the prime factors of 165362242?
2, 82681121
List the prime factors of 4948210.
2, 5, 167, 2963
What are the prime factors of 157740901?
10559, 14939
List the prime factors of 111677605.
5, 13, 137, 12541
List the prime factors of 1589701103.
883, 1800341
What are the prime factors of 237481795?
5, 277, 171467
What are the prime factors of 1476236590?
2, 5, 29, 5090471
List the prime factors of 251235477.
3, 4583, 6091
List the prime factors of 1006787817.
3, 7, 103, 155153
List the prime factors of 51174238.
2, 1117, 22907
List the prime factors of 43480258.
2, 23, 71, 13313
What are the prime factors of 2824490726?
2, 67, 21078289
What are the prime factors of 564291884?
2, 13, 31, 37, 9461
What are the prime factors of 701239195?
5, 41, 83, 41213
What are the prime factors of 1375730?
2, 5, 137573
What are the prime factors of 7088983012?
2, 181, 9791413
What are the prime factors of 1080670737?
3, 2543, 141653
List the prime factors of 3849762865.
5, 13, 37, 1600733
What are the prime factors of 84339563?
7, 11, 1095319
List the prime factors of 33283136.
2, 19, 101, 271
List the prime factors of 45344888.
2, 107, 52973
List the prime factors of 190949005.
5, 13, 2937677
What are the prime factors of 4712930377?
101, 233, 271, 739
What are the prime factors of 70729872?
2, 3, 139, 10601
List the prime factors of 573439585.
5, 59, 1943863
What are the prime factors of 32970770?
2, 5, 7, 53, 8887
List the prime factors of 156478944.
2, 3, 487, 3347
List the prime factors of 178997167.
178997167
What are the prime factors of 37205612?
2, 107, 86929
What are the prime factors of 888464174?
2, 13, 34171699
List the prime factors of 10311298.
2, 29, 139, 1279
What are the prime factors of 3105034738?
2, 13, 119424413
List the prime factors of 156347265.
3, 5, 29, 359419
List the prime factors of 620328480.
2, 3, 5, 509, 2539
What are the prime factors of 1731654893?
157, 1171, 9419
What are the prime factors of 112549376?
2, 219823
List the prime factors of 33155080.
2, 5, 7, 118411
What are the prime factors of 684494523?
3, 53, 577, 829
What are the prime factors of 207570651?
3, 69190217
List the prime factors of 54877517.
23, 2385979
What are the prime factors of 29374436?
2, 7, 13, 17, 47, 101
List the prime factors of 136892224